{"id":424,"date":"2023-02-26T19:10:50","date_gmt":"2023-02-26T18:10:50","guid":{"rendered":"https:\/\/familienforschung-tecklenburger-land.de\/?page_id=424"},"modified":"2023-05-10T16:21:25","modified_gmt":"2023-05-10T15:21:25","slug":"eversburg","status":"publish","type":"page","link":"https:\/\/familienforschung-tecklenburger-land.de\/?page_id=424","title":{"rendered":"Eversburg"},"content":{"rendered":"\n<div class=\"wp-block-columns is-layout-flex wp-container-core-columns-is-layout-9d6595d7 wp-block-columns-is-layout-flex\">\n<div class=\"wp-block-column is-layout-flow wp-block-column-is-layout-flow\" style=\"flex-basis:25%\">\n<h3 class=\"wp-block-heading\">Ausfl\u00fcge in die Geschichte:<\/h3>\n\n\n\n<p><a href=\"http:\/\/www.zuralteneversburg.de\/ueberuns.html\">Gastst\u00e4tte &#8222;Zur alten Eversburg&#8220;<\/a><\/p>\n\n\n\n<p><a href=\"http:\/\/wanderungenimosnabrueckerland.npage.de\/gertrudenberg-eversburg.html\">Wanderung<\/a>: B\u00fcrgerpark &#8211; Haseuferweg &#8211; Eversburg &#8211; Rubbenbruchsee &#8211; Westerberg &#8211; Gertrudenberg<\/p>\n<\/div>\n\n\n\n<div class=\"wp-block-column is-layout-flow wp-block-column-is-layout-flow\" style=\"flex-basis:50%\">\n<h2 class=\"wp-block-heading\" id=\"-Geschichte\">Zur Geschichte<\/h2>\n\n\n\n<p><strong>8. Jahrhundert: <\/strong>Ein heidnischer Friedhof befindet sich in der N\u00e4he vom sog. Sch\u00fcrh\u00fcgel<\/p>\n\n\n\n<p><strong>1090<\/strong>: Urkundliche Erw\u00e4hnung eines s\u00e4chsischen Edelsitzes &#8222;Curtis Eversfeld\u201c (Eversfeld = Feld des Eberhard)<\/p>\n\n\n\n<p><strong>1223<\/strong>: Der Edelherr Hermann von Blankena verkaufte den Hof Eversfeld an das Osnabr\u00fccker Domkapitel.<\/p>\n\n\n\n<p><strong>1300<\/strong>: In Osnabr\u00fcck wurde die Landwehr angelegt, der Evershof wurde in eine Wasserburg umgebaut.<\/p>\n\n\n\n<p><strong>1383<\/strong>: erste urkundliche Erw\u00e4hnung der Eversburg (ehemaliger Evershof)<\/p>\n\n\n\n<p><strong>1562<\/strong>: Instandsetzung der Eversburg durch Domherr von Ledebur<\/p>\n\n\n\n<p><strong>1626<\/strong>: W\u00e4hrend des 30j\u00e4hrigen Krieges wird die Eversburg vom kaiserlichen Kriegsvolk ausgepl\u00fcndert.<\/p>\n\n\n\n<p><strong>1633<\/strong>: Die Wirtschaftsgeb\u00e4ude der Eversburg werden von den Schweden in Brand gesteckt.<\/p>\n\n\n\n<p><strong>1688<\/strong>: Bau des dreifl\u00fcgeligen Herrenhauses an der Eversburg<\/p>\n\n\n\n<p><strong>1701<\/strong>: Bau der Kapelle an der Eversburg<\/p>\n\n\n\n<p><strong>1750<\/strong>: Glanzzeit der Eversburg unter dem Dompropst Ferdinand von Kerssenbrock. Die Gastst\u00e4tte &#8222;Zur alten Eversburg&#8220; war damals Wirtschaftsgeb\u00e4ude des Wasserschlosses.<\/p>\n\n\n\n<p><strong>1802<\/strong>: Die Eversburg fiel von den Dompr\u00f6psten an den Staat.<\/p>\n\n\n\n<p><strong>1840<\/strong>: Abriss der meisten Geb\u00e4ude der Eversburg wegen Bauf\u00e4lligkeit<\/p>\n\n\n\n<p><strong>1873<\/strong>: Bau an einer Eisenbahnverbindung vom preu\u00dfischen Kriegshafen Heppens (Wilhelmshaven) \u00fcber Oldenburg, Quakenbr\u00fcck und Bramsche nach Osnabr\u00fcck. Den Endpunkt dieser l\u00e4ngsten Strecke der \u201cGro\u00dfherzoglichen Oldenburger Eisenbahn\u201d (GOE) bildete der Bahnhof Osnabr\u00fcck-Eversburg.<\/p>\n\n\n\n<p><strong>1894<\/strong>: Gr\u00fcndung des Eversburger Sportvereins<\/p>\n\n\n\n<p><strong>1898<\/strong>: Gr\u00fcndung der evangelischen Michaelis-Kirchengemeinde in der Eversheide<\/p>\n\n\n\n<p><strong>1920<\/strong>: Es kam zu einem Hungeraufstand in Osnabr\u00fcck, unter anderem wurde eine j\u00fcdische G\u00e4nsem\u00e4sterei in Eversburg gepl\u00fcndert.<\/p>\n\n\n\n<p><strong>1923<\/strong>: Neubau der Liebfrauenkirche<\/p>\n<\/div>\n\n\n\n<div class=\"wp-block-column is-layout-flow wp-block-column-is-layout-flow\" style=\"flex-basis:25%\">\n<p><img loading=\"lazy\" decoding=\"async\" src=\"https:\/\/familienforschung-tecklenburger-land.de\/files\/Tecklenburger-Familienforschung\/OSNABRUECK\/Osnabrueck%20Stadt\/Eversburg\/Eversburg-Stadtplan.jpg\" alt=\"\" width=\"230\" height=\"171\"><\/p>\n\n\n\n<p>Lage Eversburgs in Osnabr\u00fcck (Bild: Wikipedia)<\/p>\n\n\n\n<figure class=\"wp-block-image\"><img decoding=\"async\" src=\"https:\/\/familienforschung-tecklenburger-land.de\/assets\/images\/9\/Eversburg-Grenzen-OS-5df56309.jpg\" alt=\"\"\/><\/figure>\n\n\n\n<p><a href=\"https:\/\/familienforschung-tecklenburger-land.de\/files\/Tecklenburger-Familienforschung\/OSNABRUECK\/Osnabrueck%20Stadt\/Eversburg\/Eversburg-Grenzen-OS.jpg\"><\/a><\/p>\n\n\n\n<p><img loading=\"lazy\" decoding=\"async\" src=\"https:\/\/familienforschung-tecklenburger-land.de\/files\/Tecklenburger-Familienforschung\/OSNABRUECK\/Osnabrueck%20Stadt\/Eversburg\/Eversburg-Piesberger-Ges-haus.jpg\" alt=\"\" width=\"230\" height=\"154\"><\/p>\n\n\n\n<p>Piesberger Gesellschaftshaus<\/p>\n\n\n\n<p><img loading=\"lazy\" decoding=\"async\" src=\"https:\/\/familienforschung-tecklenburger-land.de\/files\/Tecklenburger-Familienforschung\/OSNABRUECK\/Osnabrueck%20Stadt\/Eversburg\/Eversburg-Hauptgebaeude.jpg\" alt=\"\" width=\"230\" height=\"138\"><\/p>\n\n\n\n<p>Die Eversburg<\/p>\n<\/div>\n<\/div>\n\n\n\n<div class=\"wp-block-columns is-layout-flex wp-container-core-columns-is-layout-9d6595d7 wp-block-columns-is-layout-flex\">\n<div class=\"wp-block-column is-layout-flow wp-block-column-is-layout-flow\" style=\"flex-basis:25%\">\n<figure class=\"wp-block-image\"><img decoding=\"async\" src=\"https:\/\/familienforschung-tecklenburger-land.de\/files\/Tecklenburger-Familienforschung\/OSNABRUECK\/Osnabrueck%20Stadt\/Eversburg\/Eversburg-02.jpg\" alt=\"\"\/><\/figure>\n\n\n\n<p><img loading=\"lazy\" decoding=\"async\" src=\"https:\/\/familienforschung-tecklenburger-land.de\/files\/Tecklenburger-Familienforschung\/OSNABRUECK\/Osnabrueck%20Stadt\/Eversburg\/alte-eversburger-Schule.jpg\" alt=\"\" width=\"230\" height=\"158\"><\/p>\n\n\n\n<p>Die alte Eversburger Schule<\/p>\n<\/div>\n\n\n\n<div class=\"wp-block-column is-layout-flow wp-block-column-is-layout-flow\" style=\"flex-basis:50%\">\n<h2 class=\"wp-block-heading\" id=\"-Weblinks\">Weblinks<\/h2>\n\n\n\n<p><a href=\"http:\/\/www.osnabrueck.de\/64640.asp\">\u00dcber die 800 &#8211; 1000 Jahre alte Everseiche<\/a><\/p>\n\n\n\n<p><a href=\"http:\/\/www.zuralteneversburg.de\/ueberuns.html\">Die Gastst\u00e4tte &#8222;Zur alten Eversburg&#8220;<\/a><\/p>\n\n\n\n<p><a href=\"http:\/\/www.sv-eversburg.de\/\">Sportverein Eversburg von 1894 e.V.<\/a><\/p>\n\n\n\n<p>\u00dcber den <a href=\"http:\/\/www.osnabahn.de\/bahnhof-eversburg\/\">Bahnhof Eversburg<\/a><\/p>\n\n\n\n<p><a href=\"http:\/\/www.liebfrauen-st-matthias.de\/lieb\/lieb.15\/\">Kath. Pfarreiengemeinschaft Liebfrauen \u2013 St. Matthias<\/a><\/p>\n\n\n\n<p><a href=\"http:\/\/www.michaelis-os.de\/startseite\/chronik-der-gemeinde\/\">Chronik der St. Michaelis Gemeinde<\/a><\/p>\n\n\n\n<p><a href=\"http:\/\/www.rubbenbruchsee.eu\/willkommen.html\">Caf\u00e9-Restaurant Osnabr\u00fcck am Rubbenbruchsee<\/a><\/p>\n\n\n\n<p>\u00dcber den <a href=\"http:\/\/www.bunker-osnabr\u00fcck.de\/bu_sites\/lskbhfeversburg.html\">Luftschutzkeller im alten Bahnhof Eversburg<\/a><\/p>\n\n\n\n<p><a href=\"http:\/\/www.os-nachbarn.de\/Magazin\/Tageszeitung\/Artikel\/13039\/Das_unbekannte_Foto_Das_Landgestuet_Eversburg\">Das unbekannte Foto: Das Landgest\u00fct Eversburg<\/a><\/p>\n\n\n\n<h3 class=\"wp-block-heading\">Allgemeine Links:<\/h3>\n\n\n\n<p><a href=\"http:\/\/wiki-de.genealogy.net\/Hauptseite\">GenWiki:<\/a> Ein Wiki f\u00fcr Ahnenforscher.<br><br><a href=\"http:\/\/www.fotoerbe.de\/\">Fotoerbe.de<\/a>: In welchen Archiven, Museen, Bibliotheken usw. sind historische Fotografien vorhanden? Hier findet man sie in einer riesigen Datenbank.<br><br><a href=\"http:\/\/www.kirchliche-archive.de\/\">Kirchliche Archive:<\/a> \u00dcbersicht \u00fcber die deutschen Kirchenbucharchive.<br><br><a href=\"http:\/\/christoph.stoepel.net\/geogen\/v3\/\">Geogen<\/a>: Auf dieser Seite kann man Landkarten \u00fcber die Verbreitung von Familiennamen in Deutschland erstellen lassen. Besonders auff\u00e4llige Konzentrationen k\u00f6nnen auf den Ursprungsort des Namens oder der Familie hindeuten.<br><a href=\"http:\/\/www.hbol.de\/\"><br>Heimatbund Osnabr\u00fccker Land:<\/a> Hier gibt es geschichtliches \u00fcber die verschiedenen Orte. Man findet auch viele Adressen und Infos \u00fcber Vereine usw.<br><br><a href=\"http:\/\/www.lwl.org\/westfaelische-geschichte\/portal\/Internet\/haupt.php?urlNeu=\">Internet-Portal &#8222;Westf\u00e4lische Geschichte&#8220;<\/a><br><br><a href=\"http:\/\/www.archive.nrw.de\/\">Internetportal der Archive in Nordrhein-Westfalen<\/a><br><br><a href=\"http:\/\/www.westfalen-adelssitze.de\" target=\"_blank\" rel=\"noreferrer noopener\">Burgen, Schl\u00f6sser und Herrensitze in Westfalen<\/a>: Interessant, wenn man wei\u00df, welchem Herr ein Hof eigenbeh\u00f6rig war.<br><br><a href=\"http:\/\/www.wggf.de\/\">Westf\u00e4lische Gesellschaft f\u00fcr Genealogie und Familienforschung (WGGF)<\/a><\/p>\n<\/div>\n\n\n\n<div class=\"wp-block-column is-layout-flow wp-block-column-is-layout-flow\" style=\"flex-basis:25%\">\n<h3 class=\"wp-block-heading\">Matricula<\/h3>\n\n\n\n<p>Kirchenb\u00fccher online einsehbar:<\/p>\n\n\n\n<p><a href=\"https:\/\/data.matricula-online.eu\/de\/deutschland\/osnabrueck\/osnabruck-liebfrauen-eversburg\/\">Osnabr\u00fcck Liebfrauen &#8211; Eversburg<\/a><\/p>\n\n\n\n<p><img loading=\"lazy\" decoding=\"async\" src=\"https:\/\/familienforschung-tecklenburger-land.de\/files\/Tecklenburger-Familienforschung\/OSNABRUECK\/Osnabrueck%20Stadt\/Eversburg\/Eversburg-ev-St.Michel-Kirche.jpg\" alt=\"\" width=\"230\" height=\"206\"><\/p>\n\n\n\n<p>Evangelische St. Michel-Kirche<\/p>\n\n\n\n<p><img loading=\"lazy\" decoding=\"async\" src=\"https:\/\/familienforschung-tecklenburger-land.de\/files\/Tecklenburger-Familienforschung\/OSNABRUECK\/Osnabrueck%20Stadt\/Eversburg\/Eversburg-kath-Gutskapelle.jpg\" alt=\"\" width=\"230\" height=\"312\"><\/p>\n\n\n\n<p>Gutskapelle<\/p>\n<\/div>\n<\/div>\n\n\n\n<div class=\"wp-block-columns is-layout-flex wp-container-core-columns-is-layout-9d6595d7 wp-block-columns-is-layout-flex\">\n<div class=\"wp-block-column is-layout-flow wp-block-column-is-layout-flow\" style=\"flex-basis:25%\"><\/div>\n\n\n\n<div class=\"wp-block-column is-layout-flow wp-block-column-is-layout-flow\" style=\"flex-basis:50%\">\n<h2 class=\"wp-block-heading\" id=\"-Quellen\">Genealogische Quellen<\/h2>\n<\/div>\n\n\n\n<div class=\"wp-block-column is-layout-flow wp-block-column-is-layout-flow\" style=\"flex-basis:25%\"><\/div>\n<\/div>\n\n\n\n<div class=\"wp-block-columns is-layout-flex wp-container-core-columns-is-layout-9d6595d7 wp-block-columns-is-layout-flex\">\n<div class=\"wp-block-column is-layout-flow wp-block-column-is-layout-flow\" style=\"flex-basis:25%\"><\/div>\n\n\n\n<div class=\"wp-block-column is-layout-flow wp-block-column-is-layout-flow\" style=\"flex-basis:50%\">\n<h2 class=\"wp-block-heading\" id=\"-Fundstuecke\">Fundst\u00fccke<\/h2>\n<\/div>\n\n\n\n<div class=\"wp-block-column is-layout-flow wp-block-column-is-layout-flow\" style=\"flex-basis:25%\"><\/div>\n<\/div>\n\n\n\n<div class=\"wp-block-columns is-layout-flex wp-container-core-columns-is-layout-9d6595d7 wp-block-columns-is-layout-flex\">\n<div class=\"wp-block-column is-layout-flow wp-block-column-is-layout-flow\" style=\"flex-basis:25%\"><\/div>\n\n\n\n<div class=\"wp-block-column is-layout-flow wp-block-column-is-layout-flow\" style=\"flex-basis:50%\">\n<h2 class=\"wp-block-heading\" id=\"-Auswanderer\">Auswanderer<\/h2>\n<\/div>\n\n\n\n<div class=\"wp-block-column is-layout-flow wp-block-column-is-layout-flow\" style=\"flex-basis:25%\"><\/div>\n<\/div>\n\n\n\n<div class=\"wp-block-columns is-layout-flex wp-container-core-columns-is-layout-9d6595d7 wp-block-columns-is-layout-flex\">\n<div class=\"wp-block-column is-layout-flow wp-block-column-is-layout-flow\" style=\"flex-basis:25%\"><\/div>\n\n\n\n<div class=\"wp-block-column is-layout-flow wp-block-column-is-layout-flow\" style=\"flex-basis:50%\">\n<h2 class=\"wp-block-heading\" id=\"-Karten\">Karten und Pl\u00e4ne<\/h2>\n<\/div>\n\n\n\n<div class=\"wp-block-column is-layout-flow wp-block-column-is-layout-flow\" style=\"flex-basis:25%\"><\/div>\n<\/div>\n\n\n\n<div class=\"wp-block-columns is-layout-flex wp-container-core-columns-is-layout-9d6595d7 wp-block-columns-is-layout-flex\">\n<div class=\"wp-block-column is-layout-flow wp-block-column-is-layout-flow\" style=\"flex-basis:25%\"><\/div>\n\n\n\n<div class=\"wp-block-column is-layout-flow wp-block-column-is-layout-flow\" style=\"flex-basis:50%\">\n<h2 class=\"wp-block-heading\" id=\"-Literatur\">Literatur<\/h2>\n\n\n\n<p>Bericht \u00fcber das Kriegsgefangenenlager in Eversburg: Die Heilige Gemeinde vom OFLAG VIC. In: Die Denkmalpflege 69 (2011, Heft 2, S. 187 &#8211; 189<\/p>\n\n\n\n<p>B\u00fcrgerverein Eversburg, Friedhelm Gross: Bildband Eversburg<\/p>\n\n\n\n<p>Liebfrauen, Osnabr\u00fcck-Eversburg. Libertas-Verl. Baum (1969)<\/p>\n\n\n\n<h3 class=\"wp-block-heading\">In: Heimatjahrbuch Osnabr\u00fccker Land<\/h3>\n\n\n\n<p>2012: Die Everseiche in Osnabr\u00fcck (Hartmut Peucker), S. 244<\/p>\n\n\n\n<h3 class=\"wp-block-heading\">Osnabr\u00fccker Mitteilungen:<\/h3>\n\n\n\n<p>F. Knoke, Die Eversburg, Nr. 36, 1911, S. 243<\/p>\n<\/div>\n\n\n\n<div class=\"wp-block-column is-layout-flow wp-block-column-is-layout-flow\" style=\"flex-basis:25%\">\n<p><img loading=\"lazy\" decoding=\"async\" src=\"https:\/\/familienforschung-tecklenburger-land.de\/files\/Tecklenburger-Familienforschung\/OSNABRUECK\/Osnabrueck%20Stadt\/Eversburg\/Eversburg-Liebfrauenkirche-kath.jpg\" alt=\"\" width=\"230\" height=\"160\"><\/p>\n\n\n\n<p>Katholische Liebfrauenkirche<\/p>\n\n\n\n<p><img loading=\"lazy\" decoding=\"async\" src=\"https:\/\/familienforschung-tecklenburger-land.de\/files\/Tecklenburger-Familienforschung\/OSNABRUECK\/Osnabrueck%20Stadt\/Eversburg\/Eversburg-Liebfrauenkirche.jpg\" alt=\"\" width=\"230\" height=\"147\"><\/p>\n\n\n\n<p>Katholische Liebfrauenkirche<\/p>\n<\/div>\n<\/div>\n\n\n\n<div class=\"wp-block-columns is-layout-flex wp-container-core-columns-is-layout-9d6595d7 wp-block-columns-is-layout-flex\">\n<div class=\"wp-block-column is-layout-flow wp-block-column-is-layout-flow\" style=\"flex-basis:25%\"><\/div>\n\n\n\n<div class=\"wp-block-column is-layout-flow wp-block-column-is-layout-flow\" style=\"flex-basis:50%\">\n<h2 class=\"wp-block-heading\" id=\"-Suchanfragen\">Suchanfragen<\/h2>\n\n\n\n<h3 class=\"wp-block-heading\">M\u00f6chten Sie auch eine Anfrage ver\u00f6ffentlichen?<\/h3>\n\n\n\n<p class=\"has-small-font-size\"><strong>Wenn jemand genealogische Kontakte kn\u00fcpfen m\u00f6chte oder Hilfe bei einem schwierigen Fall ben\u00f6tigt, ver\u00f6ffentlichen wir hier gern eine Anfrage.<\/strong><\/p>\n\n\n\n<p class=\"has-small-font-size\">Hier k\u00f6nnen Sie uns Ihre Suchanfrage \u00fcbermitteln:<\/p>\n\n\n\n<p class=\"has-small-font-size\">Sie k\u00f6nnen uns eine E-Mail mit Ihrer Suchanfrage schicken: <a href=\"mailto:admin@te-gen.de\">admin@te-gen.de<\/a> Bitte tragen Sie in die Mail ein, nach welchen Personen oder Namen Sie suchen, in welchem Ort Sie suchen, wenn Sie m\u00f6chten, Ihren Namen, welche Daten (Geburt, Heirat, Tod, andere) Ihnen vorliegen. Wenigstens ein Zeitraum w\u00e4re gut. Wir werden Ihre Anfrage dann an dieser Stelle ver\u00f6ffentlichen. Bitte beachten Sie, dass dies einige Tage dauern kann. Ihre Anfrage wird automatisch auch an unsere Mailingliste weitergeleitet.<\/p>\n<\/div>\n\n\n\n<div class=\"wp-block-column is-layout-flow wp-block-column-is-layout-flow\" style=\"flex-basis:25%\">\n<figure class=\"wp-block-image size-full\"><img loading=\"lazy\" decoding=\"async\" width=\"230\" height=\"324\" src=\"https:\/\/familienforschung-tecklenburger-land.de\/wp-content\/uploads\/2023\/05\/Bahnhof-Eversburg-Schild.jpg\" alt=\"\" class=\"wp-image-2562\" srcset=\"https:\/\/familienforschung-tecklenburger-land.de\/wp-content\/uploads\/2023\/05\/Bahnhof-Eversburg-Schild.jpg 230w, https:\/\/familienforschung-tecklenburger-land.de\/wp-content\/uploads\/2023\/05\/Bahnhof-Eversburg-Schild-213x300.jpg 213w\" sizes=\"auto, (max-width: 230px) 100vw, 230px\" \/><\/figure>\n<\/div>\n<\/div>\n","protected":false},"excerpt":{"rendered":"<p>Ausfl\u00fcge in die Geschichte: Gastst\u00e4tte &#8222;Zur alten Eversburg&#8220; Wanderung: B\u00fcrgerpark &#8211; Haseuferweg &#8211; Eversburg &#8211; Rubbenbruchsee &#8211; Westerberg &#8211; Gertrudenberg Zur Geschichte 8. Jahrhundert: Ein heidnischer Friedhof befindet sich in der N\u00e4he vom sog. Sch\u00fcrh\u00fcgel 1090: Urkundliche Erw\u00e4hnung eines s\u00e4chsischen Edelsitzes &#8222;Curtis Eversfeld\u201c (Eversfeld = Feld des Eberhard) 1223: Der Edelherr Hermann von Blankena verkaufte&#8230;<\/p>\n","protected":false},"author":4,"featured_media":0,"parent":0,"menu_order":30,"comment_status":"closed","ping_status":"closed","template":"","meta":{"_coblocks_attr":"","_coblocks_dimensions":"","_coblocks_responsive_height":"","_coblocks_accordion_ie_support":"","footnotes":""},"class_list":["post-424","page","type-page","status-publish","hentry"],"_links":{"self":[{"href":"https:\/\/familienforschung-tecklenburger-land.de\/index.php?rest_route=\/wp\/v2\/pages\/424","targetHints":{"allow":["GET"]}}],"collection":[{"href":"https:\/\/familienforschung-tecklenburger-land.de\/index.php?rest_route=\/wp\/v2\/pages"}],"about":[{"href":"https:\/\/familienforschung-tecklenburger-land.de\/index.php?rest_route=\/wp\/v2\/types\/page"}],"author":[{"embeddable":true,"href":"https:\/\/familienforschung-tecklenburger-land.de\/index.php?rest_route=\/wp\/v2\/users\/4"}],"replies":[{"embeddable":true,"href":"https:\/\/familienforschung-tecklenburger-land.de\/index.php?rest_route=%2Fwp%2Fv2%2Fcomments&post=424"}],"version-history":[{"count":4,"href":"https:\/\/familienforschung-tecklenburger-land.de\/index.php?rest_route=\/wp\/v2\/pages\/424\/revisions"}],"predecessor-version":[{"id":2563,"href":"https:\/\/familienforschung-tecklenburger-land.de\/index.php?rest_route=\/wp\/v2\/pages\/424\/revisions\/2563"}],"wp:attachment":[{"href":"https:\/\/familienforschung-tecklenburger-land.de\/index.php?rest_route=%2Fwp%2Fv2%2Fmedia&parent=424"}],"curies":[{"name":"wp","href":"https:\/\/api.w.org\/{rel}","templated":true}]}}