{"id":122,"date":"2023-02-24T18:13:11","date_gmt":"2023-02-24T17:13:11","guid":{"rendered":"https:\/\/familienforschung-tecklenburger-land.de\/?page_id=122"},"modified":"2023-05-21T09:36:36","modified_gmt":"2023-05-21T08:36:36","slug":"auswanderer","status":"publish","type":"page","link":"https:\/\/familienforschung-tecklenburger-land.de\/?page_id=122","title":{"rendered":"Auswanderer"},"content":{"rendered":"\n<div class=\"wp-block-columns is-layout-flex wp-container-core-columns-is-layout-9d6595d7 wp-block-columns-is-layout-flex\">\n<div class=\"wp-block-column is-layout-flow wp-block-column-is-layout-flow\" style=\"flex-basis:25%\">\n<h3 class=\"wp-block-heading\">Hollandg\u00e4ngerei<\/h3>\n\n\n\n<p class=\"has-small-font-size\"><strong><a href=\"https:\/\/familienforschung-tecklenburger-land.de\/index.php?id=854\">Hier<\/a><\/strong> haben wir einige Informationen, Links und Literatur zum Thema &#8222;Hollandgehen&#8220; zusammengetragen.<br>Folgende drei Gruppen werden beschrieben:<\/p>\n\n\n\n<ul class=\"wp-block-list\">\n<li class=\"has-small-font-size\">Die Saisonarbeiter, die einige Wochen oder Monate blieben<\/li>\n\n\n\n<li class=\"has-small-font-size\">Die Langzeitarbeiter, die \u00fcber mehrere Jahre blieben<\/li>\n\n\n\n<li class=\"has-small-font-size\">Die Auswanderer, die ganz in Holland blieben<\/li>\n<\/ul>\n\n\n\n<p><img loading=\"lazy\" decoding=\"async\" src=\"https:\/\/familienforschung-tecklenburger-land.de\/files\/Tecklenburger-Familienforschung\/Auswanderer\/AuswandererBild1.jpg\" alt=\"\" width=\"230\" height=\"202\"><\/p>\n\n\n\n<p class=\"has-small-font-size\">Einwanderer in Castle Garden, New York, 1866<\/p>\n\n\n\n<p><img loading=\"lazy\" decoding=\"async\" src=\"https:\/\/familienforschung-tecklenburger-land.de\/files\/Tecklenburger-Familienforschung\/Auswanderer\/AuswandererBild4.jpg\" alt=\"\" width=\"230\" height=\"156\"><\/p>\n\n\n\n<p class=\"has-small-font-size\">Einwanderer vor Ellis Island 1902<\/p>\n\n\n\n<h3 class=\"wp-block-heading\">Datenbanken f\u00fcr die Online-Recherche:<\/h3>\n\n\n\n<p class=\"has-small-font-size\"><a href=\"http:\/\/aad.archives.gov\/aad\/series-list.jsp?cat=GP44\">NARA:<\/a> Amerikanisches National-Archiv, durchsuchbare Datenbank f\u00fcr Passagierlisten.<\/p>\n\n\n\n<p class=\"has-small-font-size\"><a href=\"http:\/\/www.ancestry.de\/\">ancestry.de:<\/a> Man kann sich (gegen Geb\u00fchr) registrieren und hat Zugriff auf eine riesige Datenmenge aus der ganzen Welt (Auswandererlisten, Passagierlisten, US-Volksz\u00e4hlungen, Telefonb\u00fccher, Stammb\u00e4ume, &#8230;)<\/p>\n\n\n\n<p class=\"has-small-font-size\"><a href=\"http:\/\/www.findagrave.com\/\">Find a grave:<\/a> Millionen Gr\u00e4ber mit ihren Daten online. Teileweise mit Fotos.<\/p>\n\n\n\n<p class=\"has-small-font-size\"><a href=\"http:\/\/www.researchguides.net\/census\/free.htm\">Genealogy Research Guide:<\/a> \u00dcbersicht \u00fcber kostenlose Volksz\u00e4hlungslisten in den USA<\/p>\n\n\n\n<p class=\"has-small-font-size\"><a href=\"http:\/\/www.census-online.us\/\">Census Online:<\/a> Datenbank mit Volksz\u00e4hlungsdaten aus den U.S.A.<\/p>\n\n\n\n<p class=\"has-small-font-size\"><a href=\"https:\/\/familysearch.org\/#searchType=close&amp;surname=licher&amp;p=recordResults&amp;placeId=8004207&amp;alivePlaceLoc1=Westfalen%2C%20Preussen%2C%20Germany\">Familysearch:<\/a> Datenbank der Mormonen. Millionen Daten aus der ganzen Welt.<\/p>\n\n\n\n<p class=\"has-small-font-size\"><a href=\"http:\/\/www.immigrantships.net\/\">ISTG<\/a>: riesige Datenbank mit Namen aus Schiffs- und Passagierlisten<\/p>\n<\/div>\n\n\n\n<div class=\"wp-block-column is-layout-flow wp-block-column-is-layout-flow\" style=\"flex-basis:50%\">\n<p class=\"has-small-font-size\">Als die Leinenweberei, die bis in die 1840er Jahre von Bauern und Heuerlingen in Heimarbeit ein gutes Zubrot ergab, immer mehr von maschineller Herstellung im Ausland ersetzt wurde, verschlechterte sich die wirtschaftliche Lage vieler Menschen hier im Osnabr\u00fccker und Tecklenburger Raum. Auch waren die abh\u00e4ngigen Heuerlinge, Knechte und M\u00e4gde unzufrieden mit den Heiratsbeschr\u00e4nkungen, dem Gesindezwang und den dadurch entstandenen st\u00e4ndigen Spannungen zwischen ihresgleichen und den Bauern. So wundert es nicht, dass diese Gegend in den 1830er und 1840er Jahren eine der h\u00f6chsten Auswandererquoten im Raum des heutigen Deutschlands aufweist.<\/p>\n\n\n\n<p class=\"has-small-font-size\">Zum Preissturz f\u00fcr den Leinen kam eine Serie von Missernten, so dass immer mehr Menschen beschlossen, dass sie an einem anderen Ort ein neues Leben beginnen wollten. Etwa zwei Drittel der Auswanderer stammten aus der l\u00e4ndlichen Unterschicht: Heuerleute, M\u00e4gde und Knechte und Tagel\u00f6hner. Aufgrund der Armut und Abh\u00e4ngigkeit machten sich viele Menschen auf den Weg, um bessere Lebensbedingungen zu finden.<\/p>\n\n\n\n<p class=\"has-small-font-size\">Ein weiterer Grund f\u00fcr die Auswanderung war die Milit\u00e4rpflicht. Viele junge M\u00e4nner reisten daher illegal und ohne Genehmigung ins Ausland.<\/p>\n\n\n\n<h3 class=\"wp-block-heading\">&#8230; nach S\u00fcdamerika<\/h3>\n\n\n\n<p class=\"has-small-font-size\">Die Auswanderung aus dem Tecklenburger Land nach Brasilien begann ungef\u00e4hr um 1865. Angeregt wurden die Auswanderer durch den evangelischen Pfarrer Wilhelm Kleing\u00fcnther aus Ibbenb\u00fcren. Er ging als deutscher Pfarrer nach Porto Alegre im Bundesstaat Rio Grande do Sul im S\u00fcden Brasiliens. Er warb hier f\u00fcr die Auswanderung nach Brasilien, woraufhin mehrere Personen aus Leeden mit ihm gingen und den Ort Teutonia gr\u00fcndeten.<\/p>\n\n\n\n<p class=\"has-small-font-size\"><a href=\"https:\/\/familienforschung-tecklenburger-land.de\/index.php?id=857\">Hier<\/a> gibt es weitere Informationen.<\/p>\n\n\n\n<h3 class=\"wp-block-heading\">Wie lief die legale Auswanderung ab?<\/h3>\n\n\n\n<p class=\"has-small-font-size\">Die Entlassung ist bei der Landes-Polizeibeh\u00f6rde des Wohnortes nachzusuchen und erfolgt durch eine von dieser Beh\u00f6rde ausgefertigte Urkunde\u201c (1842)<\/p>\n\n\n\n<p class=\"has-small-font-size\">Man beantragte beim Amtmann einen Pass.<\/p>\n\n\n\n<p class=\"has-small-font-size\">Vom Landrat wurde der Auswanderungswunsch an die Bezirksregierung weitergeleitet.<\/p>\n\n\n\n<p class=\"has-small-font-size\">Diese veranlasste die Ausstellung eines Auswanderungskonsenses.<\/p>\n\n\n\n<p class=\"has-small-font-size\">Der Amtmann h\u00e4ndigte dem Auswanderer (und der Familie) den Konsens in Form einer Urkunde aus. Der Auswanderer verlor hiermit die Staatsb\u00fcrgerschaft.<\/p>\n\n\n\n<p><img loading=\"lazy\" decoding=\"async\" src=\"https:\/\/familienforschung-tecklenburger-land.de\/assets\/images\/3\/Auswanderungserlaubnis-Johann-Friedrich-1a6a8313.jpg\" alt=\"\" width=\"480\" height=\"394\"><\/p>\n\n\n\n<p class=\"has-small-font-size\">Auswanderungskonsens f\u00fcr Johann Friedrich Licher<\/p>\n<\/div>\n\n\n\n<div class=\"wp-block-column is-layout-flow wp-block-column-is-layout-flow\" style=\"flex-basis:25%\">\n<h3 class=\"wp-block-heading\">Auswanderer nach Jamaika<\/h3>\n\n\n\n<p class=\"has-small-font-size\">Auch nach Jamaika sind einige Deutsche ausgewandert. \u00dcber sie findet man einen Artikel in der <strong>GEO<\/strong> Nr. 11 vom November 1985<\/p>\n\n\n\n<figure class=\"wp-block-image\"><img decoding=\"async\" src=\"https:\/\/familienforschung-tecklenburger-land.de\/files\/Tecklenburger-Familienforschung\/Auswanderer\/bromme_hand_und_reisebuch.jpg\" alt=\"\"\/><\/figure>\n\n\n\n<h3 class=\"wp-block-heading\">&#8230; nach Nordamerika<\/h3>\n\n\n\n<p class=\"has-small-font-size\">Mitte des 19. Jahrhunderts begann eine wahre Massenmigration nach Nordamerika. Das weite, fruchtbare Land, aber auch Goldfunde in Kalifornien lockten viele Auswanderer. Der Strom wurde nur w\u00e4hrend des amerikanischen B\u00fcrgerkriegs f\u00fcr einige Jahre unterbrochen. <a href=\"https:\/\/familienforschung-tecklenburger-land.de\/index.php?id=855\">Hier<\/a> zeigen wir weitere Informationen.<\/p>\n\n\n\n<h3 class=\"wp-block-heading\">Foren und Mailinglisten:<\/h3>\n\n\n\n<p class=\"has-small-font-size\"><a href=\"http:\/\/forum.transoceanic-emigration.net\/\">Forum \u00dcberseeische Auswanderung:<\/a> Ein sehr gut besuchtes Forum \u00fcber Auswanderer. Viele, viele Beitr\u00e4ge, eine wahre Fundgrube.<\/p>\n\n\n\n<p class=\"has-small-font-size\"><a href=\"http:\/\/lists.rootsweb.ancestry.com\/index\/usa\/MO\/\">Missouri-Mailing-Lists:<\/a> Viele verschiedene Mailing-Listen.<\/p>\n\n\n\n<p class=\"has-small-font-size\"><a href=\"http:\/\/genforum.genealogy.com\/\">GenForum:<\/a> Ein Forum f\u00fcr Genealogie in den USA.<\/p>\n\n\n\n<h3 class=\"wp-block-heading\">Weitere Links:<\/h3>\n\n\n\n<p class=\"has-small-font-size\">Dr. Annette Hennigs: <a href=\"http:\/\/www.archive.nrw.de\/lav\/abteilungen\/westfalen\/servicefuerfamilienforschung\/hennigs_auswanderer.pdf\">Quellen zu Auswanderern aus Westfalen<\/a>. Eine sehr informative Erl\u00e4uterung zu den verschiedenen Quellen, die es zu finden gibt.<\/p>\n\n\n\n<p class=\"has-small-font-size\"><a href=\"http:\/\/usgenweb.org\/index.shtml\">US-Gen-Web-Project:<\/a> Ein riesiges Internetportal f\u00fcr alle Bundesstaaten. Umfangreiche Linklisten, Datensammlungen u.v.m.<\/p>\n\n\n\n<p class=\"has-small-font-size\"><a href=\"http:\/\/genealogy.about.com\/cs\/land\/a\/public_lands.htm\">About.com \/ Genealogy:<\/a> Hier ist erkl\u00e4rt, wie es sich mit der Landaufteilung in Townships, Sections und Ranges verhielt. Das kann man gut gebrauchen, wenn man eine Urkunde \u00fcber einen Landkauf hat, in der diese Daten angegeben sind.<\/p>\n\n\n\n<p class=\"has-small-font-size\"><a href=\"http:\/\/www.newspaperabstracts.com\/\">Newspaper Abstracts:<\/a> Abschriften alter Zeitungen, in denen Geburten, Heiraten, Sterbedaten und andere Informationen stehen.<\/p>\n\n\n\n<p class=\"has-small-font-size\"><a href=\"http:\/\/zs.thulb.uni-jena.de\/receive\/jportal_jpjournal_00000025\">Allgemeine Auswanderungs-Zeitung<\/a><\/p>\n<\/div>\n<\/div>\n","protected":false},"excerpt":{"rendered":"<p>Hollandg\u00e4ngerei Hier haben wir einige Informationen, Links und Literatur zum Thema &#8222;Hollandgehen&#8220; zusammengetragen.Folgende drei Gruppen werden beschrieben: Einwanderer in Castle Garden, New York, 1866 Einwanderer vor Ellis Island 1902 Datenbanken f\u00fcr die Online-Recherche: NARA: Amerikanisches National-Archiv, durchsuchbare Datenbank f\u00fcr Passagierlisten. ancestry.de: Man kann sich (gegen Geb\u00fchr) registrieren und hat Zugriff auf eine riesige Datenmenge aus&#8230;<\/p>\n","protected":false},"author":4,"featured_media":0,"parent":0,"menu_order":88,"comment_status":"closed","ping_status":"closed","template":"","meta":{"_coblocks_attr":"","_coblocks_dimensions":"","_coblocks_responsive_height":"","_coblocks_accordion_ie_support":"","footnotes":""},"class_list":["post-122","page","type-page","status-publish","hentry"],"_links":{"self":[{"href":"https:\/\/familienforschung-tecklenburger-land.de\/index.php?rest_route=\/wp\/v2\/pages\/122","targetHints":{"allow":["GET"]}}],"collection":[{"href":"https:\/\/familienforschung-tecklenburger-land.de\/index.php?rest_route=\/wp\/v2\/pages"}],"about":[{"href":"https:\/\/familienforschung-tecklenburger-land.de\/index.php?rest_route=\/wp\/v2\/types\/page"}],"author":[{"embeddable":true,"href":"https:\/\/familienforschung-tecklenburger-land.de\/index.php?rest_route=\/wp\/v2\/users\/4"}],"replies":[{"embeddable":true,"href":"https:\/\/familienforschung-tecklenburger-land.de\/index.php?rest_route=%2Fwp%2Fv2%2Fcomments&post=122"}],"version-history":[{"count":4,"href":"https:\/\/familienforschung-tecklenburger-land.de\/index.php?rest_route=\/wp\/v2\/pages\/122\/revisions"}],"predecessor-version":[{"id":2924,"href":"https:\/\/familienforschung-tecklenburger-land.de\/index.php?rest_route=\/wp\/v2\/pages\/122\/revisions\/2924"}],"wp:attachment":[{"href":"https:\/\/familienforschung-tecklenburger-land.de\/index.php?rest_route=%2Fwp%2Fv2%2Fmedia&parent=122"}],"curies":[{"name":"wp","href":"https:\/\/api.w.org\/{rel}","templated":true}]}}